+ (22 + -5 - -17))?
75
What is 19 - (18 - (9 + -45))?
-35
96 - 86 - ((-2 - (4 - 5) - 0) + 45)
-34
Evaluate (-15 + 1 - (36 - 102)) + (-21 - -5).
36
What is 51 - (1 - 2) - (756 + -736)?
32
-35 + (5 - 3) - -21 - (40 - 1)
-51
Evaluate -17 - (-29 - -30) - (-17 + -1) - (-78 - -1).
77
12 - 0 - (-58 + 27 + 15)
28
What is 43 + 41 + -81 + 19?
22
Evaluate (72 - (-13 + 22)) + -47.
16
What is (-38 - -37 - -5) + -2 + 4?
6
What is 8 - (-18 + 15) - (1 - (-5 + 2))?
7
(3 - (1 - 53)) + (-10 + 5 - -8) + -3
55
What is -6 - 0 - (0 - 1) - ((-40 - -43) + 76)?
-84
(-29 - -22 - (5 + -10)) + -30
-32
-46 + -66 - ((-1 - 17) + 14 + -2)
-106
Calculate (-4 - -3) + (-9 + (-35 - -23) - 1).
-23
What is the value of 63 + (-14 - (6 - -31 - 30))?
42
-1 + 98 - (-167 - (-359 + 163))
68
13 + -3 - (-1 + (-38 - -13))
36
Calculate (7 - 105) + -79 + 117.
-60
62 + (31 + -14 - 16) - -27
90
What is -25 + (9 - (-11 + 33)) - 5?
-43
What is the value of -13 + 11 + (2 - (-1 + 27))?
-26
11 - (21 + -20 + -1) - -25
36
(2 + 16 + -3 - (3 + 6 + 1)) + -33
-28
Evaluate (2 - (-13 + -4)) + (24 - 38) + 23.
28
Calculate -117 + (41 - 43) + 55.
-64
Calculate (7 - -2) + (23 - 10 - 19 - (-16 + 9)).
10
What is 91 + -62 + 3 + (3 - 2) + -13?
20
-5 + -6 - (23 + -11 + 0 + 7)
-30
What is the value of -14 - (-4 - -6) - -54?
38
Calculate 0 - 24 - (1 + -24) - (-1 + 8) - -27.
19
15 + (123 - -20) - 77
81
(1 - 26 - (-1296 - -1267)) + -23 + 1
-18
What is -28 + (113 - -38) - 138?
-15
What is the value of -1 + 55 + 15 + -31 + 9 - 6?
41
Calculate -1 - 23 - (-4225 + 4203).
-2
What is -49 + (208 - 55) - (-2 + (5 - 12))?
113
What is -10 + (1 - 52) + 55?
-6
-34 + 1 - (-104 - (62 - 140) - (-1 - 18))
-26
(-7900 - -7884) + (-2 + 1 - -22) - (43 - -1)
-39
Evaluate (-5 - (12 + -6)) + 1 - (122 - 48).
-84
13 + (-1 - (10 - 3)) - (13 + -6 - 6)
4
What is 155 + -8 - (1836 + -1710)?
21
Calculate 46 + (0 - -17 - (144 - 124)).
43
60 - 88 - -8 - -32
12
Calculate -11 + 0 - (-89 - (79 + -125)).
32
Calculate -4 - -68 - (-2 + (-3 - (-23 + 11))).
57
What is -111 + 56 - (-17 - 83)?
45
Evaluate -77 + 10 + -4 + (-7 - 2) - 0.
-80
Calculate 16 - (2 + -2 - (-5 + 12 + -21 - -11)).
13
Calculate -6 - (-8 + (-9 + 2 - 9) + 0).
18
What is -10 - (-30 - (11 - -3 - (-2 + 11)))?
25
Evaluate (-8 - -71) + (-2 - (8 - 5)) - (180 - 178).
56
What is (-101 - -84 - (33 - -2)) + -6 + 8 + -2?
-52
What is -4 + -15 + (21 - 16) + 108 + 1?
95
What is the value of (1 - (1 - 0)) + -365 + 359 - -121?
115
Evaluate -1 + -89 + 19688 + -19693.
-95
Evaluate (2 - 22) + (31 - 18 - (-5 + 15 - -8)).
-25
Evaluate 14 - 40 - -33 - (0 - 1 - 3).
11
(73998 - 74015) + (0 - 1 - -30) + -1
11
116 + -47 - (-6 + 117)
-42
Calculate 2 + (9 - 2) + -1 + 6 + -5.
9
(-6 - -3) + (0 - (43 + (12 - 40)))
-18
What is the value of (-44 + 51 - (13 - 2)) + -2 + (-2 - -1)?
-7
(-24 + 31 - 24 - -51) + 4
38
What is -77 + 0 - (-13454 + 13331)?
46
Calculate -23 - (88 + -18) - (-23 + 10 - -10).
-90
Evaluate -176 + (186 - (-137 + 293)).
-146
-188 + 212 + (-12 - 60)
-48
Evaluate (43 - 0) + (-41 - -9) + 43 - -5.
59
-63 + -60 + 40 + (18 - -8)
-57
55 - (-152 - -310 - 174)
71
(-8 - (9 - -1)) + 73 - -7
62
5 + (-1 - -3) + (-24 + 44 - 1)
26
What is the value of -48 + 29 + (-16 - -24) + 55?
44
0 - (1 + 9 + -42)
32
What is the value of 3 - (-31 + (-14 - (-10 + -4)))?
34
Evaluate 6 + (47 + -51 - 55).
-53
Calculate -1 + 50 - (20 - (0 + 117 + -84)).
62
Evaluate 8 + (4 + -24 + 106 - 21).
73
Calculate -69 + 28 + 103 + -54.
8
Calculate (-172 - -39) + 14 - -43 - (-1 + 20).
-95
What is the value of -18268 - -18349 - (1 + 115)?
-35
Calculate (71 - (-17 + 100)) + -7 + (-1 - 0) - 9.
-29
Evaluate -89 - -87 - -152 - 99.
51
What is the value of 81 - 14 - (7 + 0 - (-4 + 4)) - 4?
56
What is the value of -28 + 56 + -60 + 70?
38
Evaluate 4 - (20 + -12 + (14 - 13) + -6).
1
Calculate -13 + (3 - (-15 + 2) - (1069 - 981)).
-85
19 - ((52 - -74) + -46)
-61
What is the value of 54 + 88 + 42 + -102?
82
What is (7 - 47 - -19) + (2 - (-5 + -1))?
-13
(11 - (0 + 4)) + (539 - 530 - (-2 - -156))
-138
Calculate (-97 + 81 - -93) + -59.
18
Evaluate (-1 - -22) + -714 + 731.
38
Evaluate (82 - 75) + (-5 - (1 + -7 - -11)).
-3
Calculate 62 + 27 + -12 + -62.
15
Evaluate 29 + -1 + (33 - (20 - -51)) + 31.
21
-13 + (28 - 16 - -4) + 5 - (-5 - -44)
-31
Calculate 2 - -2 - (-14 + (-2 - 11)) - (-7 + 1).
37
What is the value of (13 - 21) + 21 - (-8 - -48)?
-27
Evaluate 331 + -318 + -6 + -1 - (-7 - 0).
13
Calculate (-1 - 5 - (-122 - -119)) + -9.
-12
What is the value of 22 + (-29 - (-20 + (24 - 20)) - -112)?
121
What is the value of -4 + 20 + -13 - -35 - -4?
42
2 + -49 - -139 - 72
20
What is 8 - (-30 + 56 + -35)?
17
12 + (-63 + 63 - 122)
-110
Calculate 2 - (5 - (-7 + 5 - -10 - 13) - 28).
20
-10 + 46 - (-88 - (-16 - -30))
138
What is 2 + (72 - (78 - 5)) + (-2 - -12)?
11
Evaluate (-60 - -54) + (-3 - (0 - (2 - -5))) + -15.
-17
-4 + 122 - ((-5 - (6 - 12)) + 4)
113
Calculate -60 - (-100 + 38) - (6 - (1 + 0)) - 11.
-14
Calculate (-18 - (-13 - (-1 + -9))) + (39 - -2).
26
What is 0 - 75 - ((0 - 39) + 39 - 14)?
-61
-17 + 24 + -33 + ((8 - 4) + -4 - 1)
-27
What is 2 - (-2 + 13) - (-77 + (6 - (-6 - -7)))?
63
Evaluate -16 + -2 + 8 - (-67 - 0 - (-57 + 66)).
66
What is the value of (-11 + (29 - (1 + 4)) - 21) + 53?
45
What is the value of ((-16 + 18 - 16) + -2 - -84) + 4 + -11?
61
Calculate -9 - (-8 - -12) - (6 - (9 - 5)).
-15
What is (3 - -15) + -65 - (10 - -2)?
-59
Evaluate (-18 - -15 - -2 - 0) + -16 + -1.
-18
Evaluate 4 + 3 + 7 + -11 - (-2 + 18).
-13
147 + (-7 - (12 - (25 + -25 + 2 + 7)))
137
What is the value of 850 + -819 + (-1 - -22)?
52
Evaluate 10 - (3 - -2 - (-3 - (-1 + 2) - -17)).
18
Evaluate (55 - 31) + (-4 - 6 - -10) + 123.
147
Evaluate 40 - -4 - (335 + -368) - 30.
47
Evaluate (3 - -208 - 65) + -106.
40
What is the value of 1 + (1 - -12) + (68 - 136) + 39 + 26?
11
4 + (139 - 133 - (-6 + 1))
15
(1 - -12) + (27 - 11) + -28
1
Calculate 428 + -214 - 254 - (0 - 1 - 9).
-30
What is 8 - ((-24 - -57) + 30) - (1 + -11)?
-45
Evaluate 3 + -7 - (4 + (1 - (-1 - (-64 - 7)))).
61
What is 133 - (-15 - -90) - (0 + 11 + 0 + 1)?
46
What is (9 - (179 - 93)) + -7?
-84
-114 + 229 - (-36 - -143)
8
What is (17 - 19 - 43) + 4?
-41
What is (166 - 96) + -1 + 3 + (-1 - (-1 - -6))?
66
(55 - (-1 + 3)) + (18 - (80 - 53))
44
What is the value of 71 + -55 + -4 + -21?
-9
11 - (-76 + -6) - 168
-75
What is the value of 2 + -36 - 4 - (48 + 45 + -75)?
-56
What is the value of (-19 - (-37 + 18) - (-19 + 13)) + 0 + -19?
-13
What is 25 + -68 + 45 + (-51 - -4)?
-45
What is the value of 72 + -25 + -36 + -61?
-50
-13 - (-4 - ((-48 - -47) + (3 - 3))) - -4
-6
15 - (-18 - 32 - -41)
24
-22 - -2 - (-24 - (10 + 27))
41
What is (-211 - -182 - (1 + -23) - 14) + -24?
-45
What is -66 + -64 + 45 - -49?
-36
Evaluate 41 + (12 - -17) - 49.
21
Evaluate (16 + 5 - (12 - (-15 - -12))) + 36.
42
-20 + ((-1 - 13) + -82 + 96 - 0)
-20
3 - (-2 + 5) - (-10 - -7) - (-31 + -27)
61
What is -3 + 0 + 441 + -449 + 4?
-7
-82 - (-41 - -101 - 115)
-27
Evaluate 33 + -126 + 107 + -12.
2
What is 32 - (-25 + 6) - (-4 - 5)?
60
Evaluate (1 - -14) + -152 + (16 - 2 - (17 + -3)).
-137
Calculate (19 - (84 + -14)) + 9 + (-3 - -3).
-42
What is 63 - (9 + (7 + -36 - -37))?
46
What is 12 - (-30 - (-9 - -33))?
66
Evaluate 23 + (6 - 10) + -10 - (15 + -27).
21
Evaluate (21 - 1) + (9 - (7 - (-15 + 10) - 4)).
21
49 - ((68 - 57) + (-7 - 2) - (-9 - 0))
38
-9 + -11 + -8 + 7 + (-100 - -40)
-81
What is -2 + (63 - (-1 - 0)) - (386 + -687 + 289)?
74
Calculate -48 - (12 + (-24 + 19 - 11)).
-44
What is the value of -43 + (1 - 2) - (-15 + (-8 - 11) + 42)?
-52
7 + -79 + -4 + (7 - (-2 + -3 - 1))
-63
What is the value of (8 - -3) + -39 - -37?
9
What is (51 - (-56 - 27)) + -47?
87
3 + 1 - (-27 + (-8 - -2 - -16))
21
What is -18 - -36 - (-117 - -148)?
-13
What is 14 + (-7 - -4) + (211 - 345)?
-123
Calculate (5 - 11) + 5 - (21 + (8 - 22)).
-8
Evaluate (92 - 73) + -48 + -102.
-131
Calculate (0 + -35 - (-595 + 580)) + -29.
-49
What is 5 + 85 - 171 - -74?
-7
What is the value of -52 - ((-164 - -214) + (-20 - 5))?
-77
Evaluate 38 - (12 - ((24 - -17) + -18)).
49
Calculate -3 + 6 + (192 - 171) + (-2 - 65).
-43
What is the value of -34 + (-7 - (20 + (2 - 37)))?
-26
-24 - -11 - (-25 + -31 + 77)
-34
Evaluate -81 + -132 + 225 - (13 - 1 - 1) - 90.
-89
What is 111 - ((-52 - -93) + 81)?
-11
What is 126 + -240